{"id":124,"date":"2023-09-28T15:31:23","date_gmt":"2023-09-28T13:31:23","guid":{"rendered":"https:\/\/consmadrid.esteri.it\/?page_id=124"},"modified":"2026-04-17T12:39:33","modified_gmt":"2026-04-17T10:39:33","slug":"bandi-di-gara-e-contratti","status":"publish","type":"page","link":"https:\/\/consmadrid.esteri.it\/it\/amministrazione-trasparente\/bandi-di-gara-e-contratti\/","title":{"rendered":"Bandi di gara e contratti"},"content":{"rendered":"<p><a href=\"https:\/\/ambmadrid.esteri.it\/it\/amministrazione-trasparente\/\"><em><strong>Clicca qui<\/strong><\/em><\/a>\u00a0(link al sito dell&#8217;Ambasciata)<\/p>\n<ul>\n<li><strong>Avviso di Manifestazione di interesse (2 dicembre 2025) per Concessione di spazi presso la Scuola Italiana di Madrid:<\/strong><\/li>\n<\/ul>\n<p><a href=\"https:\/\/consmadrid.esteri.it\/wp-content\/uploads\/2025\/12\/AVVISO-_Firmato.pdf\">AVVISO DI MANIFESTAZIONE DI INTERESSE &#8211; Prot. 12471 Concessione di spazi presso la Scuola Italiana di Madrid \u2013 Calle Agust\u00edn de Betancourt 1<\/a><\/p>\n<p><a href=\"https:\/\/consmadrid.esteri.it\/wp-content\/uploads\/2025\/12\/aviso-espanol.pdf\">AVISO DE MANIFESTACI\u00d3N DE INTER\u00c9S &#8211; Prot. 12471 Cesi\u00f3n de Espacio en el Colegio Italiano de Madrid \u2013 Calle Agust\u00edn de Betancourt 1<\/a><\/p>\n<p><a href=\"https:\/\/consmadrid.esteri.it\/wp-content\/uploads\/2025\/12\/All_1_istanza_agevolato.docx\">Istanza<\/a>\/<a href=\"https:\/\/consmadrid.esteri.it\/wp-content\/uploads\/2025\/12\/All_1_istanza_agevolato.docx-ES.docx\">Solicitud<\/a><\/p>\n<ul>\n<li><strong>AVVISO PUBBLICO PER LA RACCOLTA DI MANIFESTAZIONI DI INTERESSE A SPONSORIZZARE L\u2019EVENTO CELEBRATIVO DELL\u201980\u00b0 ANNIVERSARIO DELLA REPUBBLICA ITALIANA<\/strong><\/li>\n<\/ul>\n<p><a href=\"https:\/\/consmadrid.esteri.it\/wp-content\/uploads\/2026\/04\/AVVISO-PUBBLICO-PER-LA-RACCOLTA-DI-MANIFESTAZIONI-DI-INTERESSE-A-SPONSORIZZARE-LEVENTO-CELEBRATIVO-DELL80\u00b0-ANNIVERSARIO-DELLA-REPUBBLICA-ITALIANA.pdf\">AVVISO PUBBLICO PER LA RACCOLTA DI MANIFESTAZIONI DI INTERESSE A SPONSORIZZARE L\u2019EVENTO CELEBRATIVO DELL\u201980\u00b0 ANNIVERSARIO DELLA REPUBBLICA ITALIANA<\/a><\/p>\n<p>&nbsp;<\/p>\n","protected":false},"excerpt":{"rendered":"Clicca qui\u00a0(link al sito dell&#8217;Ambasciata) Avviso di Manifestazione di interesse (2 dicembre 2025) per Concessione di spazi presso la Scuola Italiana di Madrid: AVVISO DI MANIFESTAZIONE DI INTERESSE &#8211; Prot. 12471 Concessione di spazi presso la Scuola Italiana di Madrid \u2013 Calle Agust\u00edn de Betancourt 1 AVISO DE MANIFESTACI\u00d3N DE INTER\u00c9S &#8211; Prot. 12471 Cesi\u00f3n [&hellip;]","protected":false},"author":1,"featured_media":0,"parent":33,"menu_order":6,"comment_status":"closed","ping_status":"closed","template":"","meta":{"footnotes":""},"class_list":["post-124","page","type-page","status-publish","hentry"],"_links":{"self":[{"href":"https:\/\/consmadrid.esteri.it\/it\/wp-json\/wp\/v2\/pages\/124","targetHints":{"allow":["GET"]}}],"collection":[{"href":"https:\/\/consmadrid.esteri.it\/it\/wp-json\/wp\/v2\/pages"}],"about":[{"href":"https:\/\/consmadrid.esteri.it\/it\/wp-json\/wp\/v2\/types\/page"}],"author":[{"embeddable":true,"href":"https:\/\/consmadrid.esteri.it\/it\/wp-json\/wp\/v2\/users\/1"}],"replies":[{"embeddable":true,"href":"https:\/\/consmadrid.esteri.it\/it\/wp-json\/wp\/v2\/comments?post=124"}],"version-history":[{"count":5,"href":"https:\/\/consmadrid.esteri.it\/it\/wp-json\/wp\/v2\/pages\/124\/revisions"}],"predecessor-version":[{"id":7063,"href":"https:\/\/consmadrid.esteri.it\/it\/wp-json\/wp\/v2\/pages\/124\/revisions\/7063"}],"up":[{"embeddable":true,"href":"https:\/\/consmadrid.esteri.it\/it\/wp-json\/wp\/v2\/pages\/33"}],"wp:attachment":[{"href":"https:\/\/consmadrid.esteri.it\/it\/wp-json\/wp\/v2\/media?parent=124"}],"curies":[{"name":"wp","href":"https:\/\/api.w.org\/{rel}","templated":true}]}}

<p><a href="https://ambmadrid.esteri.it/it/amministrazione-trasparente/"><em><strong>Clicca qui</strong></em></a> (link al sito dell&#8217;Ambasciata)</p>
<ul>
<li><strong>Avviso di Manifestazione di interesse (2 dicembre 2025) per Concessione di spazi presso la Scuola Italiana di Madrid:</strong></li>
</ul>
<p><a href="https://consmadrid.esteri.it/wp-content/uploads/2025/12/AVVISO-_Firmato.pdf">AVVISO DI MANIFESTAZIONE DI INTERESSE &#8211; Prot. 12471 Concessione di spazi presso la Scuola Italiana di Madrid – Calle Agustín de Betancourt 1</a></p>
<p><a href="https://consmadrid.esteri.it/wp-content/uploads/2025/12/aviso-espanol.pdf">AVISO DE MANIFESTACIÓN DE INTERÉS &#8211; Prot. 12471 Cesión de Espacio en el Colegio Italiano de Madrid – Calle Agustín de Betancourt 1</a></p>
<p><a href="https://consmadrid.esteri.it/wp-content/uploads/2025/12/All_1_istanza_agevolato.docx">Istanza</a>/<a href="https://consmadrid.esteri.it/wp-content/uploads/2025/12/All_1_istanza_agevolato.docx-ES.docx">Solicitud</a></p>
<ul>
<li><strong>AVVISO PUBBLICO PER LA RACCOLTA DI MANIFESTAZIONI DI INTERESSE A SPONSORIZZARE L’EVENTO CELEBRATIVO DELL’80° ANNIVERSARIO DELLA REPUBBLICA ITALIANA</strong></li>
</ul>
<p><a href="https://consmadrid.esteri.it/wp-content/uploads/2026/04/AVVISO-PUBBLICO-PER-LA-RACCOLTA-DI-MANIFESTAZIONI-DI-INTERESSE-A-SPONSORIZZARE-LEVENTO-CELEBRATIVO-DELL80°-ANNIVERSARIO-DELLA-REPUBBLICA-ITALIANA.pdf">AVVISO PUBBLICO PER LA RACCOLTA DI MANIFESTAZIONI DI INTERESSE A SPONSORIZZARE L’EVENTO CELEBRATIVO DELL’80° ANNIVERSARIO DELLA REPUBBLICA ITALIANA</a></p>
<p>&nbsp;</p>

Clicca qui (link al sito dell&#8217;Ambasciata) Avviso di Manifestazione di interesse (2 dicembre 2025) per Concessione di spazi presso la Scuola Italiana di Madrid: AVVISO DI MANIFESTAZIONE DI INTERESSE &#8211; Prot. 12471 Concessione di spazi presso la Scuola Italiana di Madrid – Calle Agustín de Betancourt 1 AVISO DE MANIFESTACIÓN DE INTERÉS &#8211; Prot. 12471 Cesión [&hellip;]
